{"id":2,"date":"2015-09-07T15:04:38","date_gmt":"2015-09-07T15:04:38","guid":{"rendered":"http:\/\/test01.georgebaciu.pro\/?page_id=2"},"modified":"2016-03-31T14:30:21","modified_gmt":"2016-03-31T12:30:21","slug":"sample-page","status":"publish","type":"page","link":"https:\/\/blog.georgebaciu.pro\/?page_id=2","title":{"rendered":"Hello World"},"content":{"rendered":"<p>Acesta este un blog privat, creat pentru a-mi reg\u0103si mai u\u0219or <del>solu\u021biile<\/del> ideile diferitelor probleme <del>tehnice<\/del> \u00eent\u00eelnite. De la o v\u00eerst\u0103 \u00eencolo creierul refuz\u0103 s\u0103 se mai \u00eencarce cu toate prostiile \u0219i trebuie scrise pe undeva. Acu&#8217;, dac\u0103 de-a lungul vremii am g\u0103sit pe net toate alea, le las \u0219i eu publice s\u0103-i ajute <em>lu tot s\u0103racu&#8217;<\/em>.<\/p>\n<p><span id=\"dnn_ctr435_MainView_ViewEntry_lblEntry\">\u201eHyde Park speakers&#8217; corner\u201d privi\u021bi-o mai mult ca exerci\u021biu de scris, dec\u00eet <em>are \u0219i nea Georgic\u0103 ceva de spus<\/em>. \u00cen rest, gramatic\u0103 \u0219i voie bun\u0103.<br \/>\n<\/span><\/p>\n<p>G.<\/p>\n","protected":false},"excerpt":{"rendered":"<p>Acesta este un blog privat, creat pentru a-mi reg\u0103si mai u\u0219or solu\u021biile ideile diferitelor probleme tehnice \u00eent\u00eelnite. De la o v\u00eerst\u0103 \u00eencolo creierul refuz\u0103 s\u0103 se mai \u00eencarce cu toate prostiile \u0219i trebuie scrise pe undeva. Acu&#8217;, dac\u0103 de-a lungul vremii am g\u0103sit pe net toate alea, le las \u0219i eu publice s\u0103-i ajute lu [&hellip;]<\/p>\n","protected":false},"author":1,"featured_media":0,"parent":0,"menu_order":0,"comment_status":"open","ping_status":"open","template":"","meta":{"footnotes":""},"_links":{"self":[{"href":"https:\/\/blog.georgebaciu.pro\/index.php?rest_route=\/wp\/v2\/pages\/2"}],"collection":[{"href":"https:\/\/blog.georgebaciu.pro\/index.php?rest_route=\/wp\/v2\/pages"}],"about":[{"href":"https:\/\/blog.georgebaciu.pro\/index.php?rest_route=\/wp\/v2\/types\/page"}],"author":[{"embeddable":true,"href":"https:\/\/blog.georgebaciu.pro\/index.php?rest_route=\/wp\/v2\/users\/1"}],"replies":[{"embeddable":true,"href":"https:\/\/blog.georgebaciu.pro\/index.php?rest_route=%2Fwp%2Fv2%2Fcomments&post=2"}],"version-history":[{"count":6,"href":"https:\/\/blog.georgebaciu.pro\/index.php?rest_route=\/wp\/v2\/pages\/2\/revisions"}],"predecessor-version":[{"id":171,"href":"https:\/\/blog.georgebaciu.pro\/index.php?rest_route=\/wp\/v2\/pages\/2\/revisions\/171"}],"wp:attachment":[{"href":"https:\/\/blog.georgebaciu.pro\/index.php?rest_route=%2Fwp%2Fv2%2Fmedia&parent=2"}],"curies":[{"name":"wp","href":"https:\/\/api.w.org\/{rel}","templated":true}]}}